 digit of 4586573?
4
What is the millions digit of 21305393?
1
What is the tens digit of 341494?
9
What is the thousands digit of 772338?
2
What is the tens digit of 9677849?
4
What is the hundred thousands digit of 446975?
4
What is the hundred thousands digit of 2344991?
3
What is the millions digit of 1639040?
1
What is the millions digit of 17377170?
7
What is the units digit of 3570258?
8
What is the hundred thousands digit of 1864867?
8
What is the thousands digit of 9041489?
1
What is the ten thousands digit of 1270792?
7
What is the hundred thousands digit of 3767724?
7
What is the ten thousands digit of 11376464?
7
What is the ten thousands digit of 1027555?
2
What is the ten thousands digit of 4257504?
5
What is the hundred thousands digit of 2496942?
4
What is the ten thousands digit of 67361?
6
What is the tens digit of 230342?
4
What is the tens digit of 2107031?
3
What is the tens digit of 1676903?
0
What is the hundreds digit of 8655849?
8
What is the ten thousands digit of 1258033?
5
What is the hundreds digit of 208642?
6
What is the tens digit of 27179222?
2
What is the ten thousands digit of 353826?
5
What is the units digit of 821932?
2
What is the units digit of 2774513?
3
What is the hundreds digit of 720224?
2
What is the thousands digit of 150811?
0
What is the tens digit of 1125373?
7
What is the tens digit of 266420?
2
What is the hundred thousands digit of 1934099?
9
What is the tens digit of 713187?
8
What is the hundreds digit of 7242?
2
What is the ten millions digit of 13562052?
1
What is the ten thousands digit of 1863720?
6
What is the hundred thousands digit of 13513805?
5
What is the thousands digit of 54869?
4
What is the tens digit of 23165518?
1
What is the tens digit of 26108757?
5
What is the ten thousands digit of 3868125?
6
What is the ten thousands digit of 582550?
8
What is the thousands digit of 2541175?
1
What is the ten thousands digit of 367777?
6
What is the hundreds digit of 829212?
2
What is the tens digit of 370753?
5
What is the hundred thousands digit of 552004?
5
What is the hundreds digit of 323362?
3
What is the hundreds digit of 699383?
3
What is the thousands digit of 732955?
2
What is the tens digit of 12340740?
4
What is the tens digit of 19058?
5
What is the ten thousands digit of 5713121?
1
What is the thousands digit of 3456223?
6
What is the hundreds digit of 569740?
7
What is the units digit of 250819?
9
What is the ten thousands digit of 15696407?
9
What is the ten thousands digit of 3224542?
2
What is the tens digit of 1806364?
6
What is the tens digit of 2098123?
2
What is the ten thousands digit of 12322956?
2
What is the hundred thousands digit of 116720?
1
What is the hundred thousands digit of 12400532?
4
What is the hundreds digit of 13123039?
0
What is the hundred thousands digit of 10707659?
7
What is the units digit of 4655037?
7
What is the hundred thousands digit of 17193383?
1
What is the hundreds digit of 1959567?
5
What is the units digit of 1142376?
6
What is the units digit of 9913715?
5
What is the hundred thousands digit of 1435513?
4
What is the hundred thousands digit of 674180?
6
What is the units digit of 261184?
4
What is the ten thousands digit of 2090821?
9
What is the ten thousands digit of 13817370?
1
What is the hundreds digit of 595258?
2
What is the thousands digit of 210847?
0
What is the ten thousands digit of 995502?
9
What is the tens digit of 5192207?
0
What is the millions digit of 5702378?
5
What is the ten thousands digit of 90569?
9
What is the thousands digit of 7874232?
4
What is the ten thousands digit of 234970?
3
What is the ten thousands digit of 8729969?
2
What is the tens digit of 174649?
4
What is the thousands digit of 414916?
4
What is the tens digit of 768615?
1
What is the units digit of 16914?
4
What is the units digit of 1307960?
0
What is the thousands digit of 1364?
1
What is the thousands digit of 59351?
9
What is the millions digit of 6299458?
6
What is the thousands digit of 238114?
8
What is the hundreds digit of 471639?
6
What is the ten thousands digit of 131545?
3
What is the tens digit of 205125?
2
What is the tens digit of 21578515?
1
What is the hundred thousands digit of 24825651?
8
What is the units digit of 352128?
8
What is the ten thousands digit of 458703?
5
What is the hundreds digit of 1642435?
4
What is the units digit of 434?
4
What is the ten thousands digit of 1175770?
7
What is the units digit of 18753969?
9
What is the units digit of 538381?
1
What is the hundred thousands digit of 234779?
2
What is the units digit of 1156622?
2
What is the tens digit of 89032?
3
What is the units digit of 7150777?
7
What is the hundred thousands digit of 427305?
4
What is the thousands digit of 10704283?
4
What is the ten thousands digit of 775674?
7
What is the tens digit of 3772736?
3
What is the millions digit of 10893838?
0
What is the hundreds digit of 443251?
2
What is the hundred thousands digit of 390759?
3
What is the thousands digit of 7990833?
0
What is the tens digit of 3753104?
0
What is the ten thousands digit of 4061843?
6
What is the millions digit of 2229385?
2
What is the units digit of 1489420?
0
What is the thousands digit of 1853945?
3
What is the hundreds digit of 954047?
0
What is the tens digit of 1010952?
5
What is the ten thousands digit of 906421?
0
What is the ten thousands digit of 957639?
5
What is the units digit of 407178?
8
What is the tens digit of 9260051?
5
What is the tens digit of 9939632?
3
What is the hundreds digit of 85054?
0
What is the tens digit of 1494938?
3
What is the ten thousands digit of 361211?
6
What is the units digit of 96397?
7
What is the hundred thousands digit of 805013?
8
What is the thousands digit of 15185673?
5
What is the ten thousands digit of 170391?
7
What is the tens digit of 6786219?
1
What is the ten thousands digit of 7625928?
2
What is the tens digit of 294251?
5
What is the millions digit of 6954805?
6
What is the hundreds digit of 5912259?
2
What is the tens digit of 806433?
3
What is the tens digit of 10884392?
9
What is the ten thousands digit of 9652607?
5
What is the thousands digit of 6945781?
5
What is the tens digit of 132735?
3
What is the thousands digit of 2285806?
5
What is the tens digit of 582394?
9
What is the thousands digit of 7596?
7
What is the ten thousands digit of 25848435?
4
What is the hundreds digit of 1974633?
6
What is the ten thousands digit of 2694644?
9
What is the tens digit of 20931664?
6
What is the hundred thousands digit of 523758?
5
What is the ten millions digit of 20977101?
2
What is the units digit of 6347780?
0
What is the hundred thousands digit of 24402836?
4
What is the units digit of 3200360?
0
What is the units digit of 10409845?
5
What is the millions digit of 10802972?
0
What is the ten thousands digit of 13867418?
6
What is the thousands digit of 62964?
2
What is the tens digit of 67597?
9
What is the millions digit of 15207860?
5
What is the hundred thousands digit of 12870108?
8
What is the tens digit of 209349?
4
What is the hundreds digit of 8008163?
1
What is the thousands digit of 95152?
5
What is the hundreds digit of 91069?
0
What is the thousands digit of 4098774?
8
What is the ten thousands digit of 3714825?
1
What is the hundreds digit of 4951735?
7
What is the thousands digit of 18858238?
8
What is the tens digit of 13097823?
2
What is the thousands digit of 5018633?
8
What is the ten thousands digit of 183468?
8
What is the hundred thousands digit of 4759226?
7
What is the tens digit of 1374063?
6
What is the units digit of 874350?
0
What is the hundreds digit of 3338140?
1
What is the millions digit of 9791952?
9
What is the tens digit of 37954148?
4
What is the tens digit of 4288813?
1
What is the millions digit of 7358772?
7
What is the ten thousands digit of 8331957?
3
What is the hundreds digit of 3009432?
4
What is the hundreds digit of 430194?
1
What is the thousands digit of 619030?
9
What is the hundreds digit of 906723?
7
What is the hundreds digit of 959325?
3
What is the thousands digit of 21552034?
2
What is the millions digit of 39699533?
9
What is the units digit of 96282?
2
What is the units digit of 101131?
1
What is the units digit of 1125922?
2
What is the te